 + 179*x**2 + 61*x + 672. Give y(90).
-1938
Let h(n) = 3*n**3 + 110*n**2 + 76*n + 3. Determine h(-36).
-141
Let a(f) = -7487*f - 591289. Determine a(-79).
184
Let f(l) = 2154*l - 161559. Calculate f(75).
-9
Let w(i) = 10*i**2 + 521*i + 6140. Determine w(-34).
-14
Let p(v) = 29200*v - 4759596. Determine p(163).
4
Let a(s) = -s**3 - 80*s**2 - 15*s - 1178. Calculate a(-80).
22
Let l(a) = -15*a**2 - a + 226. Determine l(-5).
-144
Let o(c) = 4*c**2 + 55*c - 453. Determine o(12).
783
Let s(v) = 53549*v + 7657509. Determine s(-143).
2
Let i(k) = 10*k**3 + 2570*k**2 - 11. Give i(-257).
-11
Let o(v) = -v**3 + 328*v**2 - 19846*v + 2242. Calculate o(248).
754
Let p(m) = -15*m**2 - 80*m + 185. Determine p(-8).
-135
Let d(b) = b**2 - 2191*b + 469971. Calculate d(241).
21
Let i(v) = -2*v**3 - 24*v**2 + 13*v - 546. What is i(-17)?
2123
Let i(c) = -29*c**2 + 177*c + 2092. Give i(-10).
-2578
Let s(n) = -418*n**2 + 145548*n - 29234. Calculate s(348).
-2
Let q(o) = o**3 + 395*o**2 - 2434*o + 3347. What is q(4)?
-5
Let s(p) = p**3 - 98*p**2 + 629*p - 507. Calculate s(6).
-45
Let n(v) = -43*v**3 - 8*v**2 - 34*v - 27. What is n(0)?
-27
Let l(x) = 2661*x + 10399. What is l(-4)?
-245
Let l(x) = x**2 - 407*x + 34466. What is l(287)?
26
Let w(p) = 47722*p + 906720. Calculate w(-19).
2
Let d(x) = 30481*x - 1524018. Determine d(50).
32
Let b(l) = -30523*l + 61108. Determine b(2).
62
Let q(u) = 127591*u + 637909. Calculate q(-5).
-46
Let f(o) = -o**3 + 4*o**2 + 101*o - 567. What is f(5)?
-87
Let b(i) = -44029*i + 220155. What is b(5)?
10
Let i(a) = a**3 + 4*a**2 + 323*a - 4620. Determine i(10).
10
Let j(s) = s**3 - 12*s**2 - 212*s + 2977. What is j(13)?
390
Let m(j) = -4*j**3 - 21*j**2 + 385*j + 1911. Calculate m(-5).
-39
Let o(d) = 5*d**3 - 12*d**2 + 17*d + 49. Give o(5).
459
Let x(w) = -28*w**3 + 112*w**2 - 21*w - 3. Give x(4).
-87
Let o(n) = 2*n**2 - 7302*n + 4682854. What is o(830)?
-6
Let c(j) = j**3 - 15*j**2 - 244*j + 76. Give c(-10).
16
Let z(c) = -c**3 - 16*c**2 - 33*c - 1035. Determine z(-18).
207
Let r(q) = -330*q + 29359. Calculate r(89).
-11
Let h(a) = -527857*a - 11612866. Give h(-22).
-12
Let j(z) = -8*z**3 - 4*z**2 + 35*z + 13. Give j(4).
-423
Let d(j) = 552*j - 200318. What is d(363)?
58
Let a(o) = -163*o + 42860. Determine a(263).
-9
Let d(h) = -5*h**2 + 74*h + 21. Give d(13).
138
Let p(x) = -1467*x - 205649. Calculate p(-140).
-269
Let u(f) = 32632*f - 65259. Determine u(2).
5
Let f(v) = 41*v**2 + 469*v - 379. What is f(-10)?
-969
Let n(c) = 261*c - 4388. What is n(15)?
-473
Let o(z) = -2*z**3 - 258*z**2 - 616*z + 48003. Calculate o(-125).
3
Let h(n) = 6845*n - 164250. Calculate h(24).
30
Let l(n) = n**3 - 330*n - 1. What is l(-18)?
107
Let b(s) = 5*s**2 + 123*s - 46. Determine b(-24).
-118
Let x(y) = 179*y + 20961. Give x(-117).
18
Let g(c) = -38*c - 2638. Determine g(-67).
-92
Let p(r) = 14934*r + 149347. What is p(-10)?
7
Let d(u) = -67*u**2 - 494*u - 205. Give d(-7).
-30
Let k(b) = 8*b**2 + 732*b + 9830. Calculate k(-18).
-754
Let q(p) = 38*p**2 + 1813*p - 2424. Calculate q(-49).
-23
Let q(y) = 11*y**2 - 1189*y + 7934. Give q(101).
56
Let g(z) = 93*z**2 - 930*z + 10. Determine g(10).
10
Let n(y) = y**2 + 420*y + 8936. What is n(-398)?
180
Let p(r) = r**3 - 307*r**2 + 334*r - 8258. Calculate p(306).
310
Let v(y) = -17*y**2 + 87*y - 825. Determine v(14).
-2939
Let s(j) = 38*j + 9152. Calculate s(-263).
-842
Let b(l) = -220368*l + 7492502. Give b(34).
-10
Let f(u) = -11*u**2 + 117*u + 97. Determine f(9).
259
Let n(y) = -y**3 + 1836*y**2 - 5513*y + 24. Give n(3).
-18
Let k(i) = -2281*i - 36800. Give k(-17).
1977
Let b(s) = 13667*s - 2774456. Give b(203).
-55
Let t(r) = -2*r**3 - 7*r**2 + 55*r + 86. Determine t(6).
-268
Let w(o) = -o**2 + 162*o + 18198. Determine w(-75).
423
Let n(k) = 1114*k + 18369. Calculate n(-17).
-569
Let u(q) = 13988*q - 419733. Calculate u(30).
-93
Let p(z) = 521652*z - 16171229. Give p(31).
-17
Let s(a) = 5*a**2 + 83498*a + 501024. What is s(-6)?
216
Let t(i) = i**3 + 25*i**2 - 2055*i - 47865. Give t(-23).
458
Let r(s) = -s**3 - 59*s**2 - 3628*s - 187435. Calculate r(-55).
5
Let w(h) = 120*h**2 + 3967*h - 3910. What is w(-34)?
-68
Let o(m) = 1392*m + 20901. Calculate o(-14).
1413
Let m(q) = 1288*q - 15490. What is m(12)?
-34
Let g(b) = -2*b**3 - 194*b**2 + 2610*b - 39. What is g(12)?
-111
Let f(h) = 5*h**2 + 2911*h - 59604. Calculate f(-602).
-6
Let s(u) = u**2 + 72*u - 14095. Give s(88).
-15
Let m(n) = 7*n**2 + 3207634*n + 3207636. What is m(-1)?
9
Let d(y) = 71*y**2 - 172*y - 660. Give d(-4).
1164
Let g(k) = -2588*k - 12914. What is g(-5)?
26
Let a(f) = -15429*f - 155526. Give a(-10).
-1236
Let b(x) = -4289*x - 51461. Determine b(-12).
7
Let s(y) = 49*y**2 - 444*y. Determine s(0).
0
Let d(m) = 9*m**2 + 287*m - 318. Give d(-39).
2178
Let m(n) = n**3 + 16*n**2 + 632*n + 12025. What is m(-18)?
1
Let a(n) = -n**3 + 279*n**2 - 21*n + 5848. Determine a(279).
-11
Let z(r) = 11*r**2 + 64*r + 495. Calculate z(-10).
955
Let v(q) = -2*q**3 - 177*q**2 + 41*q - 4263. What is v(-89)?
9
Let i(f) = 667*f + 1329. Calculate i(-1).
662
Let x(w) = 8638*w - 380084. What is x(44)?
-12
Let m(r) = 320*r + 12908. Give m(-40).
108
Let t(c) = -c**3 + 55*c**2 + 121*c - 35. Calculate t(0).
-35
Let z(n) = -n**3 - 196*n**2 - 8906*n - 6073. Determine z(-70).
-53
Let i(p) = 2523*p + 22844. Determine i(-9).
137
Let q(o) = 60*o**2 + 1159*o + 167. What is q(-8)?
-5265
Let v(y) = -5078*y + 50143. What is v(10)?
-637
Let x(a) = -a**2 - 302*a + 42165. What is x(104)?
-59
Let k(n) = 48*n**2 - 12895*n - 92614. Calculate k(-7).
3
Let d(w) = -28157*w + 647721. What is d(23)?
110
Let d(f) = 24*f**2 - 109*f - 50. Give d(6).
160
Let h(k) = 26*k**2 + 4032*k + 16107. Give h(-4).
395
Let o(w) = 610*w - 20867. Determine o(33).
-737
Let b(m) = -783*m + 29821. Calculate b(38).
67
Let s(n) = -203*n**2 + 811*n + 27. What is s(4)?
23
Let o(i) = -10199*i - 673240. What is o(-66)?
-106
Let n(p) = -941*p**2 + 21872*p + 41319. Calculate n(25).
-6
Let i(d) = -d**3 - 319*d**2 + 26754*d - 6975. Give i(-388).
9
Let q(v) = 2*v**3 - 34*v**2 + 4*v + 449. What is q(16)?
1
Let w(j) = -18*j**2 + 1745*j - 11997. Determine w(7).
-664
Let z(k) = -13*k**3 + 115*k**2 + 157*k - 1382. What is z(10)?
-1312
Let p(a) = 984*a + 4655. Calculate p(-5).
-265
Let g(f) = -9111*f - 54643. Determine g(-6).
23
Let z(f) = 4327*f - 10023. Give z(2).
-1369
Let x(f) = -218*f**3 - 10*f**2 - 1002*f + 1011. What is x(1)?
-219
Let f(d) = 15*d**2 - 189*d - 370. What is f(14)?
-76
Let h(b) = b**3 + 12*b**2 - 70359*b + 210941. What is h(3)?
-1
Let a(s) = 7*s**3 + 1485*s**2 + 1689*s + 222. What is a(-211)?
11
Let p(k) = 111*k + 1042. Give p(-7).
265
Let h(r) = 3*r**2 - 1707*r + 18415. What is h(11)?
1
Let v(x) = 22*x**3 + 542*x**2 - 1407*x - 99. Determine v(-27).
-18
Let i(b) = 995*b + 14019. Determine i(-14).
89
Let a(o) = -o**3 + 36*o**2 - 8538*o + 33647. Determine a(4).
7
Let u(p) = p**3 - 67*p**2 - 318*p + 12425. Give u(69).
5
Let c(i) = 2*i**2 + 24273*i + 6963387. Determine c(-294).
-3
Let b(n) = 44*n**2 - 674*n + 1332. Determine b(13).
6
Let f(k) = -506*k - 20324. Calculate f(-40).
-84
Let k(q) = -327*q**3 + 121*q**2 - 192*q + 387. What is k(2)?
-2129
Let c(v) = 1164*v + 171093. Give c(-147).
-15
Let c(d) = -15407*d - 123251. What is c(-8)?
5
Let m(f) = -f**3 + 375*f**2 + 738*f - 29. Determine m(-2).
3
Let j(x) = 419*x**2 - 1716*x + 115. Calculate j(4).
-45
Let n(i) = 3195*i - 1322697. What is n(414)?
33
Let o(r) = -49*r**2 + 1411*r - 1410. Give o(1).
-48
Let k(z) = -3*z**2 + 184*z + 20781. Calculate k(-57).
546
Let u(d) = -d**3 - 59*d**2 + 108*d + 906. Calculate u(-61).
1760
Let j(k) = 2*k**3 - 86*k**2 + 54*k + 329. Determine j(42).
-931
Let z(a) = 8343*a + 145164. Determine z(-17).
3333
Let n(g) = -38*g**2 - 3946*g + 657. Give n(-104).
33
Let z(o) = -764*o**2 - 4556*o + 160. Calculate z(-6).
-8
Let b(v) = 3*v**3 + 136*v**2 - 504*v + 200. Calculate b(-49).
-1515
Let t(w) = -w**3 - 21*w**2 - 603*w - 5944. Determine t(-12).
-4
Let l(i) = -2*i**3 + 112*i**2 + 128*i - 1000. What is l(57)?
-202
Let m(z) = 38*z**2 + 2624*z - 23268. Give m(-77).
-14
Let x(b) = 9*b**2 - 2739*b - 4609. Calculate x(306).
-19
Let y(z) = -8*z**2 + 553*z - 2329. Determine y(64).
295
Let c(n) = n**3 + 1066*n**2 + 190480*n + 22648. Determine c(